te the remainder when 11480321 is divided by 524.
5
Calculate the remainder when 520233 is divided by 22.
21
Calculate the remainder when 731142 is divided by 243685.
87
What is the remainder when 1702678 is divided by 21829?
16
Calculate the remainder when 27543838 is divided by 298.
294
Calculate the remainder when 576934 is divided by 16.
6
What is the remainder when 381165 is divided by 876?
105
What is the remainder when 862802 is divided by 33184?
18
Calculate the remainder when 9025534 is divided by 1356.
1354
Calculate the remainder when 67109 is divided by 22202.
503
Calculate the remainder when 9057599 is divided by 425.
424
What is the remainder when 808045 is divided by 115435?
0
What is the remainder when 12773029 is divided by 9525?
4
What is the remainder when 499177 is divided by 249561?
55
Calculate the remainder when 436869 is divided by 16799.
95
What is the remainder when 20540941 is divided by 16?
13
What is the remainder when 4266726 is divided by 1422240?
6
Calculate the remainder when 34759945 is divided by 3159994.
11
What is the remainder when 32422698 is divided by 143?
22
Calculate the remainder when 2663915 is divided by 2813.
4
Calculate the remainder when 895049 is divided by 608.
73
Calculate the remainder when 517569 is divided by 800.
769
Calculate the remainder when 19544324 is divided by 19544313.
11
Calculate the remainder when 14795 is divided by 4666.
797
Calculate the remainder when 16723519 is divided by 293.
251
What is the remainder when 236187720 is divided by 158?
156
Calculate the remainder when 164736 is divided by 82220.
296
Calculate the remainder when 431255 is divided by 107783.
123
Calculate the remainder when 22807 is divided by 1103.
747
What is the remainder when 2041236 is divided by 68041?
6
What is the remainder when 1347049 is divided by 167?
27
Calculate the remainder when 4058368 is divided by 17722.
30
What is the remainder when 10548058 is divided by 229304?
74
What is the remainder when 14916650 is divided by 709?
708
Calculate the remainder when 97291495 is divided by 32430466.
97
What is the remainder when 4238555 is divided by 3004?
2915
Calculate the remainder when 910704 is divided by 1888.
688
Calculate the remainder when 5321779 is divided by 922.
917
Calculate the remainder when 3240355 is divided by 1373.
75
What is the remainder when 32791 is divided by 1928?
15
What is the remainder when 1473073 is divided by 491002?
67
What is the remainder when 151434049 is divided by 34331?
8
What is the remainder when 56858 is divided by 10695?
3383
What is the remainder when 16271998 is divided by 2250?
2248
What is the remainder when 10248717 is divided by 683247?
12
What is the remainder when 4915228 is divided by 1228740?
268
What is the remainder when 807085 is divided by 269017?
34
What is the remainder when 34519774 is divided by 3?
1
Calculate the remainder when 9075570 is divided by 1296462.
336
What is the remainder when 17868479 is divided by 314?
309
Calculate the remainder when 2075439 is divided by 16342.
5
Calculate the remainder when 2158920 is divided by 154.
148
Calculate the remainder when 38475 is divided by 7424.
1355
What is the remainder when 350156 is divided by 175015?
126
Calculate the remainder when 86642 is divided by 11497.
6163
Calculate the remainder when 17709113 is divided by 80.
73
Calculate the remainder when 65482 is divided by 21342.
1456
Calculate the remainder when 585482 is divided by 36567.
410
Calculate the remainder when 13539548 is divided by 624.
620
What is the remainder when 46701148 is divided by 356?
0
Calculate the remainder when 16957 is divided by 4900.
2257
Calculate the remainder when 17675732 is divided by 55.
52
What is the remainder when 430044 is divided by 1279?
300
Calculate the remainder when 112970 is divided by 11102.
1950
Calculate the remainder when 1038662503 is divided by 15.
13
Calculate the remainder when 547973 is divided by 547963.
10
Calculate the remainder when 446044 is divided by 1640.
1604
Calculate the remainder when 1042915 is divided by 1889.
187
What is the remainder when 535184 is divided by 757?
742
Calculate the remainder when 249791 is divided by 185.
41
What is the remainder when 1333749 is divided by 444112?
1413
Calculate the remainder when 7241 is divided by 350.
241
What is the remainder when 53853413 is divided by 93?
89
Calculate the remainder when 1015697099 is divided by 3300.
3299
What is the remainder when 986520 is divided by 44?
40
What is the remainder when 3548996 is divided by 3277?
5
Calculate the remainder when 47146 is divided by 2141.
44
Calculate the remainder when 1949810 is divided by 35.
30
What is the remainder when 133842 is divided by 16659?
570
What is the remainder when 173552 is divided by 720?
32
Calculate the remainder when 3828984 is divided by 582.
6
What is the remainder when 4945805 is divided by 4706?
4505
What is the remainder when 1204101 is divided by 10562?
33
Calculate the remainder when 28219902 is divided by 1249.
1245
What is the remainder when 86602878 is divided by 640?
638
Calculate the remainder when 7122959 is divided by 46553.
350
Calculate the remainder when 16583477 is divided by 3316686.
47
Calculate the remainder when 16043843 is divided by 294.
263
What is the remainder when 121559282 is divided by 182?
26
Calculate the remainder when 26339 is divided by 6548.
147
What is the remainder when 18859815 is divided by 37?
27
Calculate the remainder when 409694 is divided by 102414.
38
Calculate the remainder when 385157 is divided by 385153.
4
What is the remainder when 28614792 is divided by 2185?
32
What is the remainder when 3209814 is divided by 610?
604
Calculate the remainder when 142252 is divided by 137.
46
Calculate the remainder when 26893495 is divided by 542.
539
What is the remainder when 932868 is divided by 33?
24
Calculate the remainder when 2035386 is divided by 31.
19
What is the remainder when 4520264 is divided by 818?
814
What is the remainder when 119149143 is divided by 29787277?
35
What is the remainder when 2358694 is divided by 1178977?
740
Calculate the remainder when 143597 is divided by 3265.
3202
What is the remainder when 702691 is divided by 231?
220
Calculate the remainder when 828115 is divided by 1176.
211
Calculate the remainder when 14311775 is divided by 37.
27
What is the remainder when 1186072103 is divided by 168?
167
What is the remainder when 994792 is divided by 994785?
7
Calculate the remainder when 5654551 is divided by 152825.
26
Calculate the remainder when 1545210 is divided by 140468.
62
Calculate the remainder when 20871116 is divided by 460.
456
What is the remainder when 9606429 is divided by 66?
63
Calculate the remainder when 7710989 is divided by 1993.
72
What is the remainder when 250082 is divided by 752?
418
Calculate the remainder when 400058 is divided by 347.
314
What is the remainder when 811266 is divided by 44?
38
Calculate the remainder when 28793974 is divided by 7297.
12
Calculate the remainder when 3769107 is divided by 840.
27
Calculate the remainder when 737139537 is divided by 705.
702
Calculate the remainder when 17469469 is divided by 167.
100
Calculate the remainder when 80634323 is divided by 647.
7
What is the remainder when 35395 is divided by 35133?
262
Calculate the remainder when 4049863 is divided by 655.
653
What is the remainder when 2117627 is divided by 264702?
11
Calculate the remainder when 268256 is divided by 247.
14
What is the remainder when 13629236 is divided by 294?
278
Calculate the remainder when 5534002 is divided by 1419.
1321
What is the remainder when 271312120 is divided by 543?
541
Calculate the remainder when 26999006 is divided by 13499494.
18
What is the remainder when 644128 is divided by 49545?
43
What is the remainder when 15469345 is divided by 15469333?
12
What is the remainder when 2802820 is divided by 560349?
1075
What is the remainder when 676546 is divided by 494?
260
What is the remainder when 97636921 is divided by 2279?
3
What is the remainder when 2393024 is divided by 85465?
4
Calculate the remainder when 50367 is divided by 80.
47
Calculate the remainder when 393209 is divided by 293.
3
What is the remainder when 2957775 is d